{"id":2442,"date":"2023-02-26T19:59:02","date_gmt":"2023-02-26T18:59:02","guid":{"rendered":"https:\/\/alfabetstylu.com\/?page_id=2442"},"modified":"2024-04-12T16:42:44","modified_gmt":"2024-04-12T14:42:44","slug":"o-mnie","status":"publish","type":"page","link":"https:\/\/alfabetstylu.com\/index.php\/o-mnie\/","title":{"rendered":"O MNIE"},"content":{"rendered":"\t\t<div data-elementor-type=\"wp-page\" data-elementor-id=\"2442\" class=\"elementor elementor-2442\">\n\t\t\t\t\t\t<section class=\"elementor-section elementor-top-section elementor-element elementor-element-cc539b7 elementor-section-boxed elementor-section-height-default elementor-section-height-default wpr-particle-no wpr-jarallax-no wpr-parallax-no wpr-sticky-section-no wpr-equal-height-no\" data-id=\"cc539b7\" data-element_type=\"section\" data-e-type=\"section\">\n\t\t\t\t\t\t<div class=\"elementor-container elementor-column-gap-default\">\n\t\t\t\t\t<div class=\"elementor-column elementor-col-50 elementor-top-column elementor-element elementor-element-baf7815\" data-id=\"baf7815\" data-element_type=\"column\" data-e-type=\"column\">\n\t\t\t<div class=\"elementor-widget-wrap elementor-element-populated\">\n\t\t\t\t\t\t<div class=\"elementor-element elementor-element-0ff9022 elementor-invisible elementor-widget elementor-widget-image\" data-id=\"0ff9022\" data-element_type=\"widget\" data-e-type=\"widget\" data-settings=\"{&quot;_animation&quot;:&quot;fadeInLeft&quot;}\" data-widget_type=\"image.default\">\n\t\t\t\t<div class=\"elementor-widget-container\">\n\t\t\t\t\t\t\t\t\t\t\t\t\t\t\t<img fetchpriority=\"high\" decoding=\"async\" width=\"960\" height=\"768\" src=\"https:\/\/alfabetstylu.com\/wp-content\/uploads\/2023\/03\/canva-bez-tla-1024x819.png\" class=\"attachment-large size-large wp-image-2686\" alt=\"\" srcset=\"https:\/\/alfabetstylu.com\/wp-content\/uploads\/2023\/03\/canva-bez-tla-1024x819.png 1024w, https:\/\/alfabetstylu.com\/wp-content\/uploads\/2023\/03\/canva-bez-tla-300x240.png 300w, https:\/\/alfabetstylu.com\/wp-content\/uploads\/2023\/03\/canva-bez-tla-768x614.png 768w, https:\/\/alfabetstylu.com\/wp-content\/uploads\/2023\/03\/canva-bez-tla-1536x1229.png 1536w, https:\/\/alfabetstylu.com\/wp-content\/uploads\/2023\/03\/canva-bez-tla-1140x912.png 1140w, https:\/\/alfabetstylu.com\/wp-content\/uploads\/2023\/03\/canva-bez-tla-1320x1056.png 1320w, https:\/\/alfabetstylu.com\/wp-content\/uploads\/2023\/03\/canva-bez-tla.png 2000w\" sizes=\"(max-width: 960px) 100vw, 960px\" \/>\t\t\t\t\t\t\t\t\t\t\t\t\t\t\t<\/div>\n\t\t\t\t<\/div>\n\t\t\t\t\t<\/div>\n\t\t<\/div>\n\t\t\t\t<div class=\"elementor-column elementor-col-50 elementor-top-column elementor-element elementor-element-434300f\" data-id=\"434300f\" data-element_type=\"column\" data-e-type=\"column\">\n\t\t\t<div class=\"elementor-widget-wrap elementor-element-populated\">\n\t\t\t\t\t\t<div class=\"elementor-element elementor-element-411f15c elementor-invisible elementor-widget elementor-widget-text-editor\" data-id=\"411f15c\" data-element_type=\"widget\" data-e-type=\"widget\" data-settings=\"{&quot;_animation&quot;:&quot;fadeIn&quot;}\" data-widget_type=\"text-editor.default\">\n\t\t\t\t<div class=\"elementor-widget-container\">\n\t\t\t\t\t\t\t\t\t<p><strong>Witam wszystkich!<\/strong>&nbsp;Nazywam si\u0119 Agnieszka S\u0142owicka, uko\u0144czy\u0142am Uniwersytet \u0141\u00f3dzki na Wydziale Prawa i Administracji oraz studia podyplomowe na Wydziale Psychologii z zakresu Doradztwa Zawodowego. Z takim dorobkiem rozpocz\u0119\u0142am swoj\u0105 drog\u0119 zawodow\u0105, g\u0142\u00f3wnie w dzia\u0142ach personalnych\/HR. Podejmowa\u0142am tak\u017ce inne wyzwania zawodowe, kt\u00f3re dawa\u0142y mi wiele satysfakcji.&nbsp;<strong>Zawsze jednak rozwija\u0142am swoj\u0105 pasj\u0119&nbsp; zwi\u0105zan\u0105 z kszta\u0142towaniem wizerunku os\u00f3b. Ostatecznie sko\u0144czy\u0142am profesjonalny zaawansowany kurs stylizacji i doradztwa wizerunku.<\/strong>&nbsp;Ubrania oraz ca\u0142a filozofia z tym zwi\u0105zana to moja pasja. My\u015bl\u0119, \u017ce to jak wygl\u0105damy mo\u017ce bardzo pom\u00f3c albo niestety zepsu\u0107 nasze zmagania zar\u00f3wno w \u017cyciu zawodowym jak i osobistym. Powiedzenie \u201ejak Ci\u0119 widz\u0105 tak Ci\u0119 pisz\u0105\u201d my\u015bl\u0119, \u017ce w obecnych czasach jest bardzo aktualne<strong>. Ubrania, kolory maj\u0105 moc! a ja podpowiem Ci jak je wykorzysta\u0107.<\/strong>&nbsp;Odpowiednio dobrane dodadz\u0105 profesjonalizmu w miejscu pracy, a w \u017cyciu osobistym pewno\u015bci siebie (je\u015bli Ci jej troszeczk\u0119 brakuje). Wiele publikacji (nie tylko o tematyce stricte modowej), potwierdza prawid\u0142owo\u015b\u0107, i\u017c ubranie w miejscu pracy mo\u017ce pom\u00f3c w drodze do awansu (Brian Tracy). Nasz wizerunek to nasza wizyt\u00f3wka, kt\u00f3r\u0105 warto stworzy\u0107 jak najlepiej.<\/p>\n<p><\/p>\n<p><br><\/p>\t\t\t\t\t\t\t\t<\/div>\n\t\t\t\t<\/div>\n\t\t\t\t\t<\/div>\n\t\t<\/div>\n\t\t\t\t\t<\/div>\n\t\t<\/section>\n\t\t\t\t<section class=\"elementor-section elementor-top-section elementor-element elementor-element-7e59dcf elementor-section-boxed elementor-section-height-default elementor-section-height-default wpr-particle-no wpr-jarallax-no wpr-parallax-no wpr-sticky-section-no wpr-equal-height-no\" data-id=\"7e59dcf\" data-element_type=\"section\" data-e-type=\"section\">\n\t\t\t\t\t\t<div class=\"elementor-container elementor-column-gap-default\">\n\t\t\t\t\t<div class=\"elementor-column elementor-col-50 elementor-top-column elementor-element elementor-element-6762467\" data-id=\"6762467\" data-element_type=\"column\" data-e-type=\"column\">\n\t\t\t<div class=\"elementor-widget-wrap elementor-element-populated\">\n\t\t\t\t\t\t<div class=\"elementor-element elementor-element-e5228db elementor-invisible elementor-widget elementor-widget-text-editor\" data-id=\"e5228db\" data-element_type=\"widget\" data-e-type=\"widget\" data-settings=\"{&quot;_animation&quot;:&quot;fadeIn&quot;}\" data-widget_type=\"text-editor.default\">\n\t\t\t\t<div class=\"elementor-widget-container\">\n\t\t\t\t\t\t\t\t\t<p>Dlaczego\u00a0<strong>Alfabetstylu<\/strong>?<\/p>\n<p>\u00a0<\/p>\n<p><strong>ALFABET<\/strong>\u00a0stanowi zintegrowan\u0105 ca\u0142o\u015b\u0107, z kt\u00f3rego wybieramy poszczeg\u00f3lne litery do tworzenia potrzebnych, ale i konkretnych s\u0142\u00f3w. Powsta\u0142e wyrazy towarzysz\u0105 nam na ka\u017cdym etapie codziennego \u017cycia: prywatnego, ale i zawodowego. Podobnie jest z szeroko poj\u0119t\u0105 mod\u0105. Z ogromu mo\u017cliwo\u015bci stylizacyjnych powinno wybiera\u0107 si\u0119 te, kt\u00f3re do nas pasuj\u0105, tym samym tworz\u0105c nasz niepowtarzalny wizerunek \u2013 nasz unikatowy\u00a0<strong>STYL<\/strong>.<\/p>\n<p>\u00a0<\/p>\n<p>Zatem podpowiem, jakie fasony wybra\u0107, jak je ze sob\u0105 \u0142\u0105czy\u0107, jakie kolory s\u0105 korzystne a tak\u017ce dodatki, kt\u00f3re mog\u0105 by\u0107 dla Ciebie najlepsze, tak aby stworzy\u0142y\u00a0<strong>wizerunek o jakim marzysz!!!!!<\/strong><\/p>\n<p>\u00a0<\/p>\n<p>Dzi\u0119kuj\u0119, \u017ce odwiedzi\u0142y\u015bcie moj\u0105 stron\u0119, mam nadziej\u0119, \u017ce tre\u015bci kt\u00f3re tu napotkacie zach\u0119c\u0105 do pozostania na d\u0142u\u017cej.<\/p>\t\t\t\t\t\t\t\t<\/div>\n\t\t\t\t<\/div>\n\t\t\t\t\t<\/div>\n\t\t<\/div>\n\t\t\t\t<div class=\"elementor-column elementor-col-50 elementor-top-column elementor-element elementor-element-b7f255b\" data-id=\"b7f255b\" data-element_type=\"column\" data-e-type=\"column\">\n\t\t\t<div class=\"elementor-widget-wrap elementor-element-populated\">\n\t\t\t\t\t\t<div class=\"elementor-element elementor-element-471b046 elementor-invisible elementor-widget elementor-widget-image\" data-id=\"471b046\" data-element_type=\"widget\" data-e-type=\"widget\" data-settings=\"{&quot;_animation&quot;:&quot;fadeInRight&quot;}\" data-widget_type=\"image.default\">\n\t\t\t\t<div class=\"elementor-widget-container\">\n\t\t\t\t\t\t\t\t\t\t\t\t\t\t\t<img decoding=\"async\" width=\"960\" height=\"768\" src=\"https:\/\/alfabetstylu.com\/wp-content\/uploads\/2023\/03\/canva-bez-tla-sama-postac-1024x819.png\" class=\"attachment-large size-large wp-image-2687\" alt=\"\" srcset=\"https:\/\/alfabetstylu.com\/wp-content\/uploads\/2023\/03\/canva-bez-tla-sama-postac-1024x819.png 1024w, https:\/\/alfabetstylu.com\/wp-content\/uploads\/2023\/03\/canva-bez-tla-sama-postac-300x240.png 300w, https:\/\/alfabetstylu.com\/wp-content\/uploads\/2023\/03\/canva-bez-tla-sama-postac-768x614.png 768w, https:\/\/alfabetstylu.com\/wp-content\/uploads\/2023\/03\/canva-bez-tla-sama-postac-1536x1229.png 1536w, https:\/\/alfabetstylu.com\/wp-content\/uploads\/2023\/03\/canva-bez-tla-sama-postac-1140x912.png 1140w, https:\/\/alfabetstylu.com\/wp-content\/uploads\/2023\/03\/canva-bez-tla-sama-postac-1320x1056.png 1320w, https:\/\/alfabetstylu.com\/wp-content\/uploads\/2023\/03\/canva-bez-tla-sama-postac.png 2000w\" sizes=\"(max-width: 960px) 100vw, 960px\" \/>\t\t\t\t\t\t\t\t\t\t\t\t\t\t\t<\/div>\n\t\t\t\t<\/div>\n\t\t\t\t\t<\/div>\n\t\t<\/div>\n\t\t\t\t\t<\/div>\n\t\t<\/section>\n\t\t\t\t<\/div>\n\t\t","protected":false},"excerpt":{"rendered":"<p>Witam wszystkich!&nbsp;Nazywam si\u0119 Agnieszka S\u0142owicka, uko\u0144czy\u0142am Uniwersytet \u0141\u00f3dzki na Wydziale Prawa i Administracji oraz studia podyplomowe na Wydziale Psychologii z zakresu Doradztwa Zawodowego. Z takim dorobkiem rozpocz\u0119\u0142am swoj\u0105 drog\u0119 zawodow\u0105, g\u0142\u00f3wnie w dzia\u0142ach personalnych\/HR. Podejmowa\u0142am tak\u017ce inne wyzwania zawodowe, kt\u00f3re dawa\u0142y mi wiele satysfakcji.&nbsp;Zawsze jednak rozwija\u0142am swoj\u0105 pasj\u0119&nbsp; zwi\u0105zan\u0105 z kszta\u0142towaniem wizerunku os\u00f3b. Ostatecznie sko\u0144czy\u0142am profesjonalny zaawansowany kurs stylizacji i doradztwa wizerunku.&nbsp;Ubrania oraz ca\u0142a filozofia z tym zwi\u0105zana to moja pasja. My\u015bl\u0119, \u017ce to jak wygl\u0105damy mo\u017ce bardzo pom\u00f3c albo niestety zepsu\u0107 nasze zmagania zar\u00f3wno w \u017cyciu zawodowym jak i osobistym. Powiedzenie \u201ejak Ci\u0119 widz\u0105 tak Ci\u0119 pisz\u0105\u201d my\u015bl\u0119, \u017ce w obecnych czasach jest bardzo aktualne. Ubrania, kolory maj\u0105 moc! a ja podpowiem Ci jak je wykorzysta\u0107.&nbsp;Odpowiednio dobrane dodadz\u0105 profesjonalizmu w miejscu pracy, a w \u017cyciu osobistym pewno\u015bci siebie (je\u015bli Ci jej troszeczk\u0119 brakuje). Wiele publikacji (nie tylko o tematyce stricte modowej), potwierdza prawid\u0142owo\u015b\u0107, i\u017c ubranie w miejscu pracy mo\u017ce pom\u00f3c w drodze do awansu (Brian Tracy). Nasz wizerunek to nasza wizyt\u00f3wka, kt\u00f3r\u0105 warto stworzy\u0107 jak najlepiej. Dlaczego\u00a0Alfabetstylu? \u00a0 ALFABET\u00a0stanowi zintegrowan\u0105 ca\u0142o\u015b\u0107, z kt\u00f3rego wybieramy poszczeg\u00f3lne litery do tworzenia potrzebnych, ale i konkretnych s\u0142\u00f3w. Powsta\u0142e wyrazy towarzysz\u0105 nam na ka\u017cdym etapie codziennego \u017cycia: prywatnego, ale i zawodowego. Podobnie jest z szeroko poj\u0119t\u0105 mod\u0105. Z ogromu mo\u017cliwo\u015bci stylizacyjnych powinno wybiera\u0107 si\u0119 te, kt\u00f3re do nas pasuj\u0105, tym samym tworz\u0105c nasz niepowtarzalny wizerunek \u2013 nasz unikatowy\u00a0STYL. \u00a0 Zatem podpowiem, jakie fasony wybra\u0107, jak je ze sob\u0105 \u0142\u0105czy\u0107, jakie kolory s\u0105 korzystne a tak\u017ce dodatki, kt\u00f3re mog\u0105 by\u0107 dla Ciebie najlepsze, tak aby stworzy\u0142y\u00a0wizerunek o jakim marzysz!!!!! \u00a0 Dzi\u0119kuj\u0119, \u017ce odwiedzi\u0142y\u015bcie moj\u0105 stron\u0119, mam nadziej\u0119, \u017ce tre\u015bci kt\u00f3re tu napotkacie zach\u0119c\u0105 do pozostania na d\u0142u\u017cej.<\/p>\n","protected":false},"author":1,"featured_media":0,"parent":0,"menu_order":0,"comment_status":"closed","ping_status":"closed","template":"","meta":{"om_disable_all_campaigns":false,"_monsterinsights_skip_tracking":false,"_monsterinsights_sitenote_active":false,"_monsterinsights_sitenote_note":"","_monsterinsights_sitenote_category":0,"_uf_show_specific_survey":0,"_uf_disable_surveys":false,"footnotes":""},"class_list":["post-2442","page","type-page","status-publish","hentry"],"yoast_head":"<!-- This site is optimized with the Yoast SEO plugin v27.5 - https:\/\/yoast.com\/product\/yoast-seo-wordpress\/ -->\n<title>O MNIE - Osobista stylistka Warszawa - ALFABET STYLU Agnieszka S\u0142owicka, Warszawa<\/title>\n<meta name=\"robots\" content=\"index, follow, max-snippet:-1, max-image-preview:large, max-video-preview:-1\" \/>\n<link rel=\"canonical\" href=\"https:\/\/alfabetstylu.com\/index.php\/o-mnie\/\" \/>\n<meta property=\"og:locale\" content=\"pl_PL\" \/>\n<meta property=\"og:type\" content=\"article\" \/>\n<meta property=\"og:title\" content=\"O MNIE - Osobista stylistka Warszawa - ALFABET STYLU Agnieszka S\u0142owicka, Warszawa\" \/>\n<meta property=\"og:description\" content=\"Witam wszystkich!&nbsp;Nazywam si\u0119 Agnieszka S\u0142owicka, uko\u0144czy\u0142am Uniwersytet \u0141\u00f3dzki na Wydziale Prawa i Administracji oraz studia podyplomowe na Wydziale Psychologii z zakresu Doradztwa Zawodowego. Z takim dorobkiem rozpocz\u0119\u0142am swoj\u0105 drog\u0119 zawodow\u0105, g\u0142\u00f3wnie w dzia\u0142ach personalnych\/HR. Podejmowa\u0142am tak\u017ce inne wyzwania zawodowe, kt\u00f3re dawa\u0142y mi wiele satysfakcji.&nbsp;Zawsze jednak rozwija\u0142am swoj\u0105 pasj\u0119&nbsp; zwi\u0105zan\u0105 z kszta\u0142towaniem wizerunku os\u00f3b. Ostatecznie sko\u0144czy\u0142am profesjonalny zaawansowany kurs stylizacji i doradztwa wizerunku.&nbsp;Ubrania oraz ca\u0142a filozofia z tym zwi\u0105zana to moja pasja. My\u015bl\u0119, \u017ce to jak wygl\u0105damy mo\u017ce bardzo pom\u00f3c albo niestety zepsu\u0107 nasze zmagania zar\u00f3wno w \u017cyciu zawodowym jak i osobistym. Powiedzenie \u201ejak Ci\u0119 widz\u0105 tak Ci\u0119 pisz\u0105\u201d my\u015bl\u0119, \u017ce w obecnych czasach jest bardzo aktualne. Ubrania, kolory maj\u0105 moc! a ja podpowiem Ci jak je wykorzysta\u0107.&nbsp;Odpowiednio dobrane dodadz\u0105 profesjonalizmu w miejscu pracy, a w \u017cyciu osobistym pewno\u015bci siebie (je\u015bli Ci jej troszeczk\u0119 brakuje). Wiele publikacji (nie tylko o tematyce stricte modowej), potwierdza prawid\u0142owo\u015b\u0107, i\u017c ubranie w miejscu pracy mo\u017ce pom\u00f3c w drodze do awansu (Brian Tracy). Nasz wizerunek to nasza wizyt\u00f3wka, kt\u00f3r\u0105 warto stworzy\u0107 jak najlepiej. Dlaczego\u00a0Alfabetstylu? \u00a0 ALFABET\u00a0stanowi zintegrowan\u0105 ca\u0142o\u015b\u0107, z kt\u00f3rego wybieramy poszczeg\u00f3lne litery do tworzenia potrzebnych, ale i konkretnych s\u0142\u00f3w. Powsta\u0142e wyrazy towarzysz\u0105 nam na ka\u017cdym etapie codziennego \u017cycia: prywatnego, ale i zawodowego. Podobnie jest z szeroko poj\u0119t\u0105 mod\u0105. Z ogromu mo\u017cliwo\u015bci stylizacyjnych powinno wybiera\u0107 si\u0119 te, kt\u00f3re do nas pasuj\u0105, tym samym tworz\u0105c nasz niepowtarzalny wizerunek \u2013 nasz unikatowy\u00a0STYL. \u00a0 Zatem podpowiem, jakie fasony wybra\u0107, jak je ze sob\u0105 \u0142\u0105czy\u0107, jakie kolory s\u0105 korzystne a tak\u017ce dodatki, kt\u00f3re mog\u0105 by\u0107 dla Ciebie najlepsze, tak aby stworzy\u0142y\u00a0wizerunek o jakim marzysz!!!!! \u00a0 Dzi\u0119kuj\u0119, \u017ce odwiedzi\u0142y\u015bcie moj\u0105 stron\u0119, mam nadziej\u0119, \u017ce tre\u015bci kt\u00f3re tu napotkacie zach\u0119c\u0105 do pozostania na d\u0142u\u017cej.\" \/>\n<meta property=\"og:url\" content=\"https:\/\/alfabetstylu.com\/index.php\/o-mnie\/\" \/>\n<meta property=\"og:site_name\" content=\"Osobista stylistka Warszawa - ALFABET STYLU Agnieszka S\u0142owicka, Warszawa\" \/>\n<meta property=\"article:publisher\" content=\"https:\/\/www.facebook.com\/ASalfabetstylu\/?modal=composer&amp;notif_id=1581807070514170&amp;notif_t=aymt_simplified_make_page_post&amp;ref=notif\" \/>\n<meta property=\"article:modified_time\" content=\"2024-04-12T14:42:44+00:00\" \/>\n<meta property=\"og:image\" content=\"https:\/\/alfabetstylu.com\/wp-content\/uploads\/2023\/03\/canva-bez-tla-1024x819.png\" \/>\n<meta name=\"twitter:card\" content=\"summary_large_image\" \/>\n<meta name=\"twitter:label1\" content=\"Szacowany czas czytania\" \/>\n\t<meta name=\"twitter:data1\" content=\"3 minuty\" \/>\n<script type=\"application\/ld+json\" class=\"yoast-schema-graph\">{\"@context\":\"https:\\\/\\\/schema.org\",\"@graph\":[{\"@type\":\"WebPage\",\"@id\":\"https:\\\/\\\/alfabetstylu.com\\\/index.php\\\/o-mnie\\\/\",\"url\":\"https:\\\/\\\/alfabetstylu.com\\\/index.php\\\/o-mnie\\\/\",\"name\":\"O MNIE - Osobista stylistka Warszawa - ALFABET STYLU Agnieszka S\u0142owicka, Warszawa\",\"isPartOf\":{\"@id\":\"https:\\\/\\\/alfabetstylu.com\\\/#website\"},\"primaryImageOfPage\":{\"@id\":\"https:\\\/\\\/alfabetstylu.com\\\/index.php\\\/o-mnie\\\/#primaryimage\"},\"image\":{\"@id\":\"https:\\\/\\\/alfabetstylu.com\\\/index.php\\\/o-mnie\\\/#primaryimage\"},\"thumbnailUrl\":\"https:\\\/\\\/alfabetstylu.com\\\/wp-content\\\/uploads\\\/2023\\\/03\\\/canva-bez-tla-1024x819.png\",\"datePublished\":\"2023-02-26T18:59:02+00:00\",\"dateModified\":\"2024-04-12T14:42:44+00:00\",\"breadcrumb\":{\"@id\":\"https:\\\/\\\/alfabetstylu.com\\\/index.php\\\/o-mnie\\\/#breadcrumb\"},\"inLanguage\":\"pl-PL\",\"potentialAction\":[{\"@type\":\"ReadAction\",\"target\":[\"https:\\\/\\\/alfabetstylu.com\\\/index.php\\\/o-mnie\\\/\"]}]},{\"@type\":\"ImageObject\",\"inLanguage\":\"pl-PL\",\"@id\":\"https:\\\/\\\/alfabetstylu.com\\\/index.php\\\/o-mnie\\\/#primaryimage\",\"url\":\"https:\\\/\\\/alfabetstylu.com\\\/wp-content\\\/uploads\\\/2023\\\/03\\\/canva-bez-tla.png\",\"contentUrl\":\"https:\\\/\\\/alfabetstylu.com\\\/wp-content\\\/uploads\\\/2023\\\/03\\\/canva-bez-tla.png\",\"width\":2000,\"height\":1600},{\"@type\":\"BreadcrumbList\",\"@id\":\"https:\\\/\\\/alfabetstylu.com\\\/index.php\\\/o-mnie\\\/#breadcrumb\",\"itemListElement\":[{\"@type\":\"ListItem\",\"position\":1,\"name\":\"Strona g\u0142\u00f3wna\",\"item\":\"https:\\\/\\\/alfabetstylu.com\\\/\"},{\"@type\":\"ListItem\",\"position\":2,\"name\":\"O MNIE\"}]},{\"@type\":\"WebSite\",\"@id\":\"https:\\\/\\\/alfabetstylu.com\\\/#website\",\"url\":\"https:\\\/\\\/alfabetstylu.com\\\/\",\"name\":\"doradca wizerunku - ALFABET STYLU Agnieszka S\u0142owicka, Warszawa\",\"description\":\"kszta\u0142towanie wizerunku, czyli wszystko co potrzebujesz wiedzie\u0107, aby ol\u015bni\u0107 swoim wygl\u0105dem.\",\"publisher\":{\"@id\":\"https:\\\/\\\/alfabetstylu.com\\\/#\\\/schema\\\/person\\\/beef67d495d162332beb4bc3c7657d3f\"},\"potentialAction\":[{\"@type\":\"SearchAction\",\"target\":{\"@type\":\"EntryPoint\",\"urlTemplate\":\"https:\\\/\\\/alfabetstylu.com\\\/?s={search_term_string}\"},\"query-input\":{\"@type\":\"PropertyValueSpecification\",\"valueRequired\":true,\"valueName\":\"search_term_string\"}}],\"inLanguage\":\"pl-PL\"},{\"@type\":[\"Person\",\"Organization\"],\"@id\":\"https:\\\/\\\/alfabetstylu.com\\\/#\\\/schema\\\/person\\\/beef67d495d162332beb4bc3c7657d3f\",\"name\":\"Agnieszka\",\"image\":{\"@type\":\"ImageObject\",\"inLanguage\":\"pl-PL\",\"@id\":\"https:\\\/\\\/secure.gravatar.com\\\/avatar\\\/7570d8418aa8b2b088ec6fbab020bbee04a813104b3444fd1815aec13b00c083?s=96&d=identicon&r=g\",\"url\":\"https:\\\/\\\/secure.gravatar.com\\\/avatar\\\/7570d8418aa8b2b088ec6fbab020bbee04a813104b3444fd1815aec13b00c083?s=96&d=identicon&r=g\",\"contentUrl\":\"https:\\\/\\\/secure.gravatar.com\\\/avatar\\\/7570d8418aa8b2b088ec6fbab020bbee04a813104b3444fd1815aec13b00c083?s=96&d=identicon&r=g\",\"caption\":\"Agnieszka\"},\"logo\":{\"@id\":\"https:\\\/\\\/secure.gravatar.com\\\/avatar\\\/7570d8418aa8b2b088ec6fbab020bbee04a813104b3444fd1815aec13b00c083?s=96&d=identicon&r=g\"},\"sameAs\":[\"http:\\\/\\\/alfabetstylu.com\",\"https:\\\/\\\/www.facebook.com\\\/ASalfabetstylu\\\/?modal=composer&notif_id=1581807070514170&notif_t=aymt_simplified_make_page_post&ref=notif\"]}]}<\/script>\n<!-- \/ Yoast SEO plugin. -->","yoast_head_json":{"title":"O MNIE - Osobista stylistka Warszawa - ALFABET STYLU Agnieszka S\u0142owicka, Warszawa","robots":{"index":"index","follow":"follow","max-snippet":"max-snippet:-1","max-image-preview":"max-image-preview:large","max-video-preview":"max-video-preview:-1"},"canonical":"https:\/\/alfabetstylu.com\/index.php\/o-mnie\/","og_locale":"pl_PL","og_type":"article","og_title":"O MNIE - Osobista stylistka Warszawa - ALFABET STYLU Agnieszka S\u0142owicka, Warszawa","og_description":"Witam wszystkich!&nbsp;Nazywam si\u0119 Agnieszka S\u0142owicka, uko\u0144czy\u0142am Uniwersytet \u0141\u00f3dzki na Wydziale Prawa i Administracji oraz studia podyplomowe na Wydziale Psychologii z zakresu Doradztwa Zawodowego. Z takim dorobkiem rozpocz\u0119\u0142am swoj\u0105 drog\u0119 zawodow\u0105, g\u0142\u00f3wnie w dzia\u0142ach personalnych\/HR. Podejmowa\u0142am tak\u017ce inne wyzwania zawodowe, kt\u00f3re dawa\u0142y mi wiele satysfakcji.&nbsp;Zawsze jednak rozwija\u0142am swoj\u0105 pasj\u0119&nbsp; zwi\u0105zan\u0105 z kszta\u0142towaniem wizerunku os\u00f3b. Ostatecznie sko\u0144czy\u0142am profesjonalny zaawansowany kurs stylizacji i doradztwa wizerunku.&nbsp;Ubrania oraz ca\u0142a filozofia z tym zwi\u0105zana to moja pasja. My\u015bl\u0119, \u017ce to jak wygl\u0105damy mo\u017ce bardzo pom\u00f3c albo niestety zepsu\u0107 nasze zmagania zar\u00f3wno w \u017cyciu zawodowym jak i osobistym. Powiedzenie \u201ejak Ci\u0119 widz\u0105 tak Ci\u0119 pisz\u0105\u201d my\u015bl\u0119, \u017ce w obecnych czasach jest bardzo aktualne. Ubrania, kolory maj\u0105 moc! a ja podpowiem Ci jak je wykorzysta\u0107.&nbsp;Odpowiednio dobrane dodadz\u0105 profesjonalizmu w miejscu pracy, a w \u017cyciu osobistym pewno\u015bci siebie (je\u015bli Ci jej troszeczk\u0119 brakuje). Wiele publikacji (nie tylko o tematyce stricte modowej), potwierdza prawid\u0142owo\u015b\u0107, i\u017c ubranie w miejscu pracy mo\u017ce pom\u00f3c w drodze do awansu (Brian Tracy). Nasz wizerunek to nasza wizyt\u00f3wka, kt\u00f3r\u0105 warto stworzy\u0107 jak najlepiej. Dlaczego\u00a0Alfabetstylu? \u00a0 ALFABET\u00a0stanowi zintegrowan\u0105 ca\u0142o\u015b\u0107, z kt\u00f3rego wybieramy poszczeg\u00f3lne litery do tworzenia potrzebnych, ale i konkretnych s\u0142\u00f3w. Powsta\u0142e wyrazy towarzysz\u0105 nam na ka\u017cdym etapie codziennego \u017cycia: prywatnego, ale i zawodowego. Podobnie jest z szeroko poj\u0119t\u0105 mod\u0105. Z ogromu mo\u017cliwo\u015bci stylizacyjnych powinno wybiera\u0107 si\u0119 te, kt\u00f3re do nas pasuj\u0105, tym samym tworz\u0105c nasz niepowtarzalny wizerunek \u2013 nasz unikatowy\u00a0STYL. \u00a0 Zatem podpowiem, jakie fasony wybra\u0107, jak je ze sob\u0105 \u0142\u0105czy\u0107, jakie kolory s\u0105 korzystne a tak\u017ce dodatki, kt\u00f3re mog\u0105 by\u0107 dla Ciebie najlepsze, tak aby stworzy\u0142y\u00a0wizerunek o jakim marzysz!!!!! \u00a0 Dzi\u0119kuj\u0119, \u017ce odwiedzi\u0142y\u015bcie moj\u0105 stron\u0119, mam nadziej\u0119, \u017ce tre\u015bci kt\u00f3re tu napotkacie zach\u0119c\u0105 do pozostania na d\u0142u\u017cej.","og_url":"https:\/\/alfabetstylu.com\/index.php\/o-mnie\/","og_site_name":"Osobista stylistka Warszawa - ALFABET STYLU Agnieszka S\u0142owicka, Warszawa","article_publisher":"https:\/\/www.facebook.com\/ASalfabetstylu\/?modal=composer&notif_id=1581807070514170&notif_t=aymt_simplified_make_page_post&ref=notif","article_modified_time":"2024-04-12T14:42:44+00:00","og_image":[{"url":"https:\/\/alfabetstylu.com\/wp-content\/uploads\/2023\/03\/canva-bez-tla-1024x819.png","type":"","width":"","height":""}],"twitter_card":"summary_large_image","twitter_misc":{"Szacowany czas czytania":"3 minuty"},"schema":{"@context":"https:\/\/schema.org","@graph":[{"@type":"WebPage","@id":"https:\/\/alfabetstylu.com\/index.php\/o-mnie\/","url":"https:\/\/alfabetstylu.com\/index.php\/o-mnie\/","name":"O MNIE - Osobista stylistka Warszawa - ALFABET STYLU Agnieszka S\u0142owicka, Warszawa","isPartOf":{"@id":"https:\/\/alfabetstylu.com\/#website"},"primaryImageOfPage":{"@id":"https:\/\/alfabetstylu.com\/index.php\/o-mnie\/#primaryimage"},"image":{"@id":"https:\/\/alfabetstylu.com\/index.php\/o-mnie\/#primaryimage"},"thumbnailUrl":"https:\/\/alfabetstylu.com\/wp-content\/uploads\/2023\/03\/canva-bez-tla-1024x819.png","datePublished":"2023-02-26T18:59:02+00:00","dateModified":"2024-04-12T14:42:44+00:00","breadcrumb":{"@id":"https:\/\/alfabetstylu.com\/index.php\/o-mnie\/#breadcrumb"},"inLanguage":"pl-PL","potentialAction":[{"@type":"ReadAction","target":["https:\/\/alfabetstylu.com\/index.php\/o-mnie\/"]}]},{"@type":"ImageObject","inLanguage":"pl-PL","@id":"https:\/\/alfabetstylu.com\/index.php\/o-mnie\/#primaryimage","url":"https:\/\/alfabetstylu.com\/wp-content\/uploads\/2023\/03\/canva-bez-tla.png","contentUrl":"https:\/\/alfabetstylu.com\/wp-content\/uploads\/2023\/03\/canva-bez-tla.png","width":2000,"height":1600},{"@type":"BreadcrumbList","@id":"https:\/\/alfabetstylu.com\/index.php\/o-mnie\/#breadcrumb","itemListElement":[{"@type":"ListItem","position":1,"name":"Strona g\u0142\u00f3wna","item":"https:\/\/alfabetstylu.com\/"},{"@type":"ListItem","position":2,"name":"O MNIE"}]},{"@type":"WebSite","@id":"https:\/\/alfabetstylu.com\/#website","url":"https:\/\/alfabetstylu.com\/","name":"doradca wizerunku - ALFABET STYLU Agnieszka S\u0142owicka, Warszawa","description":"kszta\u0142towanie wizerunku, czyli wszystko co potrzebujesz wiedzie\u0107, aby ol\u015bni\u0107 swoim wygl\u0105dem.","publisher":{"@id":"https:\/\/alfabetstylu.com\/#\/schema\/person\/beef67d495d162332beb4bc3c7657d3f"},"potentialAction":[{"@type":"SearchAction","target":{"@type":"EntryPoint","urlTemplate":"https:\/\/alfabetstylu.com\/?s={search_term_string}"},"query-input":{"@type":"PropertyValueSpecification","valueRequired":true,"valueName":"search_term_string"}}],"inLanguage":"pl-PL"},{"@type":["Person","Organization"],"@id":"https:\/\/alfabetstylu.com\/#\/schema\/person\/beef67d495d162332beb4bc3c7657d3f","name":"Agnieszka","image":{"@type":"ImageObject","inLanguage":"pl-PL","@id":"https:\/\/secure.gravatar.com\/avatar\/7570d8418aa8b2b088ec6fbab020bbee04a813104b3444fd1815aec13b00c083?s=96&d=identicon&r=g","url":"https:\/\/secure.gravatar.com\/avatar\/7570d8418aa8b2b088ec6fbab020bbee04a813104b3444fd1815aec13b00c083?s=96&d=identicon&r=g","contentUrl":"https:\/\/secure.gravatar.com\/avatar\/7570d8418aa8b2b088ec6fbab020bbee04a813104b3444fd1815aec13b00c083?s=96&d=identicon&r=g","caption":"Agnieszka"},"logo":{"@id":"https:\/\/secure.gravatar.com\/avatar\/7570d8418aa8b2b088ec6fbab020bbee04a813104b3444fd1815aec13b00c083?s=96&d=identicon&r=g"},"sameAs":["http:\/\/alfabetstylu.com","https:\/\/www.facebook.com\/ASalfabetstylu\/?modal=composer&notif_id=1581807070514170&notif_t=aymt_simplified_make_page_post&ref=notif"]}]}},"acf":[],"jetpack_sharing_enabled":true,"_links":{"self":[{"href":"https:\/\/alfabetstylu.com\/index.php\/wp-json\/wp\/v2\/pages\/2442","targetHints":{"allow":["GET"]}}],"collection":[{"href":"https:\/\/alfabetstylu.com\/index.php\/wp-json\/wp\/v2\/pages"}],"about":[{"href":"https:\/\/alfabetstylu.com\/index.php\/wp-json\/wp\/v2\/types\/page"}],"author":[{"embeddable":true,"href":"https:\/\/alfabetstylu.com\/index.php\/wp-json\/wp\/v2\/users\/1"}],"replies":[{"embeddable":true,"href":"https:\/\/alfabetstylu.com\/index.php\/wp-json\/wp\/v2\/comments?post=2442"}],"version-history":[{"count":34,"href":"https:\/\/alfabetstylu.com\/index.php\/wp-json\/wp\/v2\/pages\/2442\/revisions"}],"predecessor-version":[{"id":3841,"href":"https:\/\/alfabetstylu.com\/index.php\/wp-json\/wp\/v2\/pages\/2442\/revisions\/3841"}],"wp:attachment":[{"href":"https:\/\/alfabetstylu.com\/index.php\/wp-json\/wp\/v2\/media?parent=2442"}],"curies":[{"name":"wp","href":"https:\/\/api.w.org\/{rel}","templated":true}]}}